digit of 43901?
0
What is the ten thousands digit of 511147?
1
What is the thousands digit of 10318336?
8
What is the hundreds digit of 367072?
0
What is the hundred thousands digit of 194150?
1
What is the hundreds digit of 951966?
9
What is the ten thousands digit of 1369069?
6
What is the hundred thousands digit of 18569631?
5
What is the tens digit of 683064?
6
What is the units digit of 1612239?
9
What is the thousands digit of 78573?
8
What is the hundred thousands digit of 21225838?
2
What is the hundreds digit of 666189?
1
What is the units digit of 32925149?
9
What is the hundreds digit of 947260?
2
What is the hundreds digit of 745219?
2
What is the thousands digit of 6684088?
4
What is the thousands digit of 9226607?
6
What is the hundreds digit of 8536741?
7
What is the tens digit of 923788?
8
What is the units digit of 27688736?
6
What is the units digit of 666148?
8
What is the hundreds digit of 3623562?
5
What is the hundred thousands digit of 494631?
4
What is the millions digit of 5220742?
5
What is the units digit of 92089?
9
What is the millions digit of 15088340?
5
What is the units digit of 1447397?
7
What is the tens digit of 1768055?
5
What is the units digit of 144249?
9
What is the tens digit of 36231290?
9
What is the thousands digit of 1393454?
3
What is the thousands digit of 100574?
0
What is the thousands digit of 1507833?
7
What is the thousands digit of 38892?
8
What is the tens digit of 26521?
2
What is the tens digit of 87406?
0
What is the thousands digit of 402999?
2
What is the hundred thousands digit of 6281802?
2
What is the thousands digit of 10816536?
6
What is the units digit of 9285?
5
What is the units digit of 473137?
7
What is the ten thousands digit of 27624840?
2
What is the hundred thousands digit of 614109?
6
What is the hundred thousands digit of 615130?
6
What is the tens digit of 190097?
9
What is the hundreds digit of 4765482?
4
What is the hundred thousands digit of 3208912?
2
What is the ten thousands digit of 28504467?
0
What is the hundreds digit of 2693043?
0
What is the tens digit of 4837384?
8
What is the ten thousands digit of 58337?
5
What is the thousands digit of 1385039?
5
What is the hundred thousands digit of 10763559?
7
What is the hundreds digit of 196043?
0
What is the hundreds digit of 2223156?
1
What is the tens digit of 12995541?
4
What is the tens digit of 14201456?
5
What is the hundreds digit of 4602821?
8
What is the thousands digit of 728126?
8
What is the millions digit of 1694703?
1
What is the ten thousands digit of 3027732?
2
What is the hundreds digit of 92263?
2
What is the units digit of 12809567?
7
What is the thousands digit of 108274?
8
What is the tens digit of 7884885?
8
What is the ten thousands digit of 421987?
2
What is the ten thousands digit of 440764?
4
What is the ten thousands digit of 533991?
3
What is the tens digit of 1083092?
9
What is the tens digit of 72481?
8
What is the tens digit of 266158?
5
What is the hundreds digit of 1852318?
3
What is the thousands digit of 108429?
8
What is the units digit of 367126?
6
What is the ten thousands digit of 5659485?
5
What is the thousands digit of 1580279?
0
What is the hundred thousands digit of 2038429?
0
What is the hundreds digit of 12223203?
2
What is the tens digit of 8876088?
8
What is the thousands digit of 9592284?
2
What is the ten thousands digit of 5124398?
2
What is the hundreds digit of 1714593?
5
What is the ten thousands digit of 361213?
6
What is the thousands digit of 508196?
8
What is the thousands digit of 67714?
7
What is the hundreds digit of 104148?
1
What is the millions digit of 4633590?
4
What is the thousands digit of 2404428?
4
What is the hundred thousands digit of 231002?
2
What is the hundreds digit of 22081063?
0
What is the units digit of 3750736?
6
What is the units digit of 295500?
0
What is the millions digit of 6754412?
6
What is the ten thousands digit of 118265?
1
What is the ten millions digit of 36304304?
3
What is the units digit of 463934?
4
What is the hundreds digit of 6422677?
6
What is the thousands digit of 888201?
8
What is the tens digit of 280983?
8
What is the units digit of 21051883?
3
What is the millions digit of 2410666?
2
What is the units digit of 2640387?
7
What is the hundred thousands digit of 8956789?
9
What is the hundreds digit of 30747892?
8
What is the hundreds digit of 4952689?
6
What is the millions digit of 2782470?
2
What is the millions digit of 7055908?
7
What is the ten thousands digit of 16967906?
6
What is the thousands digit of 1690232?
0
What is the thousands digit of 56026?
6
What is the hundreds digit of 887933?
9
What is the hundred thousands digit of 618057?
6
What is the hundreds digit of 6288?
2
What is the hundred thousands digit of 130424?
1
What is the tens digit of 4558848?
4
What is the tens digit of 21459153?
5
What is the hundred thousands digit of 118890?
1
What is the units digit of 765392?
2
What is the thousands digit of 382643?
2
What is the thousands digit of 362773?
2
What is the thousands digit of 330234?
0
What is the tens digit of 767485?
8
What is the thousands digit of 190874?
0
What is the hundreds digit of 44515599?
5
What is the hundreds digit of 250853?
8
What is the hundreds digit of 5796070?
0
What is the hundred thousands digit of 8356503?
3
What is the thousands digit of 296012?
6
What is the hundred thousands digit of 8440193?
4
What is the millions digit of 1170374?
1
What is the thousands digit of 878364?
8
What is the units digit of 1837456?
6
What is the thousands digit of 8602933?
2
What is the tens digit of 528792?
9
What is the tens digit of 315297?
9
What is the hundreds digit of 235950?
9
What is the tens digit of 726574?
7
What is the thousands digit of 4739490?
9
What is the ten thousands digit of 8295418?
9
What is the units digit of 875492?
2
What is the hundreds digit of 5494565?
5
What is the ten millions digit of 27733151?
2
What is the ten thousands digit of 194267?
9
What is the tens digit of 80620?
2
What is the hundreds digit of 7919?
9
What is the tens digit of 1250680?
8
What is the thousands digit of 240926?
0
What is the tens digit of 502319?
1
What is the hundreds digit of 394929?
9
What is the hundreds digit of 1835034?
0
What is the thousands digit of 1579776?
9
What is the units digit of 505912?
2
What is the thousands digit of 14341411?
1
What is the ten thousands digit of 1930394?
3
What is the ten thousands digit of 358175?
5
What is the hundreds digit of 3864995?
9
What is the tens digit of 624796?
9
What is the units digit of 82593?
3
What is the units digit of 640853?
3
What is the thousands digit of 1665601?
5
What is the thousands digit of 45969?
5
What is the units digit of 5954?
4
What is the units digit of 279796?
6
What is the ten thousands digit of 395206?
9
What is the hundreds digit of 860538?
5
What is the hundred thousands digit of 461642?
4
What is the hundred thousands digit of 734095?
7
What is the hundred thousands digit of 6487788?
4
What is the ten thousands digit of 6815634?
1
What is the hundreds digit of 1256037?
0
What is the thousands digit of 70901?
0
What is the millions digit of 1349565?
1
What is the thousands digit of 994186?
4
What is the thousands digit of 20824559?
4
What is the units digit of 8255489?
9
What is the thousands digit of 1012432?
2
What is the tens digit of 4902757?
5
What is the hundred thousands digit of 417801?
4
What is the hundreds digit of 3298900?
9
What is the hundred thousands digit of 136305?
1
What is the ten thousands digit of 968617?
6
What is the thousands digit of 4242773?
2
What is the thousands digit of 5155609?
5
What is the ten thousands digit of 390594?
9
What is the millions digit of 29921357?
9
What is the thousands digit of 152508?
2
What is the millions digit of 1061571?
1
What is the units digit of 6118966?
6
What is the ten thousands digit of 176777?
7
What is the thousands digit of 2378544?
8
What is the hundred thousands digit of 207047?
2
What is the ten millions digit of 13263581?
1
What is the units digit of 441899?
9
What is the hundred thousands digit of 164687?
1
What is the ten thousands digit of 3756097?
5
What is the thousands digit of 3140616?
0
What is the tens digit of 1